actors of p(-13).
2, 7
Suppose -3*q + 7955 = -2*a, 2*q = 19*a - 24*a + 5335. List the prime factors of q.
3, 5, 59
Suppose 4*t + 3*m = 4, -5*m + 2 + 8 = 5*t. What are the prime factors of ((-4)/12)/(t/3294)?
3, 61
Let y = -8319 - -13601. List the prime factors of y.
2, 19, 139
Let o be ((-1)/(2/(-24)))/(23/3013). Suppose -660 = -4*a + o. List the prime factors of a.
2, 3, 31
Let q = -7396 - -15410. What are the prime factors of q?
2, 4007
Suppose 7*f - 4*j - 26872 = 6*f, 5*f = j + 134379. Suppose -54*g + 45322 + f = 0. List the prime factors of g.
7, 191
Let u = 7415 - -805. What are the prime factors of u?
2, 3, 5, 137
Let i(q) = -q**3 - q**2 + 5*q + 10. Let a be i(-2). Let p be (a/(-20) - 1)*20/(-6). What are the prime factors of 2 - 778/(-5) - p/(-10)?
2, 79
Suppose -6*p = -3*p - 15. Let v(q) = -q**2 + 5*q. Let d be v(p). Suppose -3*a - 182 + 983 = d. What are the prime factors of a?
3, 89
Let p(o) = -6 + 11 + 90*o - 171*o + 8 + 83*o. Let s(q) = -2*q**3 - 4*q**2 - 3*q. Let n be s(-2). What are the prime factors of p(n)?
5
Let b be (-1 - -4) + (2 - (-1 - -4)). Suppose 2*q = -3*y - b*q + 6, -y + 21 = -5*q. What are the prime factors of (-6 + y)/(-4) + (-172)/(-2)?
2, 43
Let d = 1812 - 1730. What are the prime factors of d?
2, 41
Suppose -3*o + 0 = -45. Suppose 0 = 9*k + o*k - 9360. What are the prime factors of k?
2, 3, 5, 13
Let f = -289 - -289. Suppose f = 33*s - 51349 + 7228. List the prime factors of s.
7, 191
What are the prime factors of (-10 - (0 - 2))*(-4 + 17870/(-20))?
2, 5, 359
Suppose -40878 = -373*p + 364*p. List the prime factors of p.
2, 3, 757
Let p(w) be the first derivative of 181*w**2/2 + 4*w - 31. List the prime factors of p(1).
5, 37
Let h(j) = -41*j**3 - j**2 - 2*j - 2. Let m be h(-1). Suppose -m*r + 1280 = -19120. What are the prime factors of r?
2, 3, 5, 17
Let y(n) = -3955*n + 1239. List the prime factors of y(-3).
2, 3, 7, 13
Let v(i) = -20*i**2 + 6*i + 2. Let g(h) = h - 1. Suppose -t - 6 = 2*s, -3*s - 5*t = -4*t + 7. Let r(c) = s*v(c) + 3*g(c). List the prime factors of r(-2).
3
Let i = 12 + -10. List the prime factors of ((-305)/(-15))/(i/6).
61
Let u(y) = -y - 4*y**3 + 3 + 5*y + 2*y - 2*y. Let n be u(-3). Let s = n - -89. What are the prime factors of s?
2, 47
Let a(k) = 2*k**2 + 52*k + 4427. List the prime factors of a(0).
19, 233
Suppose -p - 3*z + 49460 = 0, -5*z + 19115 = 2*p - 79801. List the prime factors of p.
2, 7, 883
Let j(f) = -17185*f + 62. What are the prime factors of j(-5)?
11, 7817
Suppose 42 = 95*i - 98*i. List the prime factors of (-10 - i) + (-1 - -320).
17, 19
Suppose s + 5*r - 11131 - 22390 = 0, s - 33485 = r. What are the prime factors of s?
107, 313
Let h be 3/(-6)*-64 - 4. Suppose p - 2*d = -p, -3*p - 4*d + h = 0. Suppose 5*a = -q + 14, -2*a + a - 14 = -p*q. What are the prime factors of a?
2
Let y = -95910 + 175868. List the prime factors of y.
2, 39979
Let y(z) = 31*z + 34. Let j be y(8). Let d = 319 - j. What are the prime factors of d?
37
List the prime factors of 6245160/1440 - (-1)/(12 - 0).
4337
Suppose 30*j - 51492 = 50298. List the prime factors of j.
3, 13, 29
Suppose -17*s + 9*s = -632. Suppose -503 - s = -n. List the prime factors of n.
2, 3, 97
What are the prime factors of ((-3681)/(-54) + -7)*138?
23, 367
Let y be 104/78*126/(-4) - 0. What are the prime factors of (-16740)/y - (-6)/14?
3, 7, 19
Suppose 47*b = 38*b + 208944 + 23913. What are the prime factors of b?
25873
Let j(l) = 0*l**3 + 13*l**2 - 14 + l**3 + 0*l**3 + 11*l. Let y be j(-12). What are the prime factors of 2 + (-2)/(y/59)?
61
Suppose -338 = -3*s + 2125. Let v = s + -353. List the prime factors of v.
2, 3, 13
Let q = 2515 + -1425. Suppose -59*h + q = -54*h. List the prime factors of h.
2, 109
Suppose -7*m = 4*n - 2*m - 12380, 0 = 5*n + 3*m - 15462. Suppose -4*b = 11*b - n. List the prime factors of b.
2, 103
Let z be 4 - (-1)/(-3*2/6). Suppose 4*l - 334 = -2*f + l, f - z*l = 158. List the prime factors of f.
2, 41
Let h be 12*5*(-3824)/(-32). What are the prime factors of (-6)/(-18) - h/(-9)?
797
Suppose 4*z = -0*z - 2*z. Suppose 5*t = 3*t + 3*t. Suppose z = -g + f + 188, 5*g = -t*g - 3*f + 980. What are the prime factors of g?
193
Let n(d) = -12*d - 12. Suppose 3*j + 39 = 2*v, -3*j - 12 - 9 = -v. Let g be n(v). List the prime factors of (g/20)/((-18)/15 + 1).
3, 19
Let v(u) = 40*u + 123. Let b be v(-13). Let p = b + 545. List the prime factors of p.
2, 37
Suppose -4*l = -3*p - 11214, 13*l - 5580 = 11*l - 3*p. What are the prime factors of l?
3, 311
Let p be (18/(-5) - -4)/((-2)/(-35)). Suppose p*i - 2208 = i. List the prime factors of i.
2, 23
Let s be (-2 + 5 + -5)*-1. Suppose 15*c + 15 = 12*c, -1344 = -q + s*c. What are the prime factors of q?
2, 23, 29
List the prime factors of (7694/(-16)*4 - -8)/((-1)/26).
3, 13, 1277
Suppose -13*a = 186 - 43. Let r(y) = y**2 + 13*y + 19. Let x be r(a). What are the prime factors of (1 + x)/((8 - 2)/(-456))?
2, 19
Suppose -4*d - u = -233 - 58, -3*u = -9. Let h = d + 238. List the prime factors of h.
2, 5, 31
What are the prime factors of ((419/(-2))/1)/(260/(-5720))?
11, 419
Let r(a) = 2*a**2 + 165*a - 4419. List the prime factors of r(90).
3, 11, 269
Let z = -229 + 323. Suppose -z = 4*i - 6*i. Suppose 5*c + 7 - i = 0. List the prime factors of c.
2
What are the prime factors of 4/14 + (-9)/((-315)/331615)?
5, 379
Let c = 289 + -125. Let v = c + 316. What are the prime factors of v?
2, 3, 5
Suppose -3*f + w = -13860, 11*f - 2*w - 23100 = 6*f. Suppose 40*l - 18*l = f. List the prime factors of l.
2, 3, 5, 7
Let w(n) be the third derivative of 7*n**6/120 - n**5/15 + n**4/3 - 5*n**3/3 - 8*n**2 + 6*n. List the prime factors of w(4).
2, 7, 29
Let j = -57 + 60. Suppose 2*b = 3*b - j. Suppose b*p - 3*s = -p + 191, -3*p + 144 = -3*s. List the prime factors of p.
47
Let t = -219 - -222. Suppose 2*r = 2*l + 30, -t*l - 30 = -2*r - 4*l. What are the prime factors of r?
3, 5
Suppose -7*s - 976 + 493 = 0. List the prime factors of (299/s)/(1/(-234)).
2, 3, 13
Let i(v) = -214*v + 95. Let b be i(-4). Suppose -b = -13*q + 2572. List the prime factors of q.
271
Let d(y) = 784*y - 153. What are the prime factors of d(21)?
3, 5437
Let y = 38 + -38. Suppose -5*i + 6 = 4*a, -a + 2 - 3 = y. Suppose 85 = -i*q + 247. What are the prime factors of q?
3
Suppose -5*k = -n - 20, -3*n + 3*k - 41 = 7*k. Let g be 36/(-48) - n/4. Suppose 2*o - g*o = -28. What are the prime factors of o?
2, 7
Let y(h) = -8*h - 114. Let g be y(-15). What are the prime factors of (-445)/((225/g)/(-15))?
2, 89
Suppose -423561 + 153081 = -10*u. List the prime factors of u.
2, 3, 7, 23
Let a be (-3 - -2*5/2)*1. Let g(t) = -11 + 4 + 6 + 229*t**2 - t - 13*t**a. What are the prime factors of g(-1)?
2, 3
Let n(f) = 21*f**2 + 66*f - 643. What are the prime factors of n(18)?
7349
Suppose 108*v + 1147233 = 4520721. What are the prime factors of v?
2, 3, 19, 137
Let b(t) = 13*t**2 - 3*t + 4. Let z be b(4). Let a = -141 - -144. Suppose 5*s = a*s + z. List the prime factors of s.
2, 5
Suppose 5*m = -3*f - 0 + 2, m = -3*f + 10. Let u(p) = -2*p**3 - p**2 + 4. Let w be u(m). Let n(b) = -b**3 + 17*b**2 - 8*b - 22. List the prime factors of n(w).
2, 53
Let g(f) = -f**2 - 3*f + 2. Let x be g(1). Let a be x - (12/3 - 9). Suppose 260 = a*h - 31. What are the prime factors of h?
97
Let y be 2573/(-6) + ((-22)/12)/11. Let d = y + 660. What are the prime factors of d?
3, 7, 11
Suppose -o = 27*o - 392. Suppose o*b - 462 = 7*b. List the prime factors of b.
2, 3, 11
Suppose 5*o - 4*j - 42139 = 0, 2*o = 6*j + 9258 + 7624. What are the prime factors of o?
8423
Suppose -66 + 74 = a. Suppose -5*m = -d + a, 0*d - 2*m = d - 15. Let v = 13 + d. What are the prime factors of v?
2, 13
Suppose -a - 3*a = j - 22, 0 = -5*a - 3*j + 24. Suppose a*i = -591 - 279. Let t = i + 221. What are the prime factors of t?
2, 19
Suppose -71380*j - 643405 = -71411*j. List the prime factors of j.
5, 7, 593
Suppose 2*m - 5*w + 118 = 0, w + 4*w + 10 = 0. Let d = m - -83. Suppose -d + 35 = 2*j. List the prime factors of j.
2
Let i = 190 - 163. Let c = 349 + i. List the prime factors of c.
2, 47
List the prime factors of (-5*(-66)/90)/((35/(-15498))/(-5)).
2, 3, 11, 41
Let r be 10/50 + 938/10. Suppose -6*x + 656 = -r. Let v = x + -45. What are the prime factors of v?
2, 5
Let 